2 + r + 10. Let a(s) = s + 1. Let b(k) = j*a(k) + q(k). Calculate b(0).
8
Let j(i) = -3*i - 1. Let z = 120 - 46. Let s = z + -77. What is j(s)?
8
Suppose 9*d = 13*d - 24. Let f be d/(-2)*12/9. Let k(u) = -6*u + 4. Let h(t) = 3*t - 2. Let x(y) = -7*h(y) - 3*k(y). What is x(f)?
14
Let x be -5*(2 - (1 + 2)). Suppose x*i - 4*i - 10 = -t, 5 = t. Suppose -7*z = -3*z + 5*g + 39, 3*g = i*z + 21. Let v(u) = -u**2 - 6*u + 5. Calculate v(z).
5
Let q(d) = d - 3. Let j be q(5). Let i(u) be the third derivative of 7*u**5/120 - 2*u**3/3 - 4*u**2. Let r(l) be the first derivative of i(l). Calculate r(j).
14
Suppose 0*s - s = 3*s. Suppose 4*n + 1 = -4*u - 15, -u + 4*n + 6 = s. Let c(o) = -2*o. Give c(u).
4
Let o(p) be the second derivative of p**5/20 + p**4/4 - 5*p**3/3 - 5*p**2/2 + p + 37. Determine o(-5).
-5
Let v(a) = -3*a + 5. Let q(x) = -7*x + 10. Let i = 20 + -18. Let z(u) = i*q(u) - 5*v(u). Determine z(4).
-1
Let m(o) = -24*o + 113. Let q be m(5). Let v(j) = 5*j + 10 - 2*j + 0*j - j. Calculate v(q).
-4
Let v(i) = -i**3 + 6*i**2 - 7*i + 3. Let p(l) = -23*l - 2. Let y(d) = -11*d - 1. Let q(k) = 2*p(k) - 5*y(k). Let o be q(1). Let s = -5 + o. Calculate v(s).
-7
Let x(q) = 2*q**2 + 4*q + 8. Let w be x(-12). Let y(f) = f + 125 + 124 - w. Determine y(6).
7
Let j(d) be the second derivative of 0 + 1/60*d**5 - 1/2*d**2 - 5/24*d**4 - 2/3*d**3 + 7*d. Let s(h) be the first derivative of j(h). Determine s(5).
-4
Let b(i) = -25*i**2 + 54*i**2 - 30*i**2 - i**3 + 2*i**3. Give b(3).
18
Let p(s) be the second derivative of s**3 - 4*s. Let i be -1 - (6 + 0 + -4). Let j(b) = 5*b + 1. Let x(g) = i*p(g) + 4*j(g). Determine x(-5).
-6
Let x(z) = -6*z**2 + z - 1. Let k be ((-3)/(-6))/(31/62). Give x(k).
-6
Let g(f) be the third derivative of -f**5/30 + f**4/24 - f**3/6 - 89*f**2. Give g(2).
-7
Let b be (-14 - -10) + 1/((-1)/(-10)). Let v(q) = -2*q - 7. What is v(b)?
-19
Let y = 2 - 8. Let p(r) be the first derivative of r**4/4 + 2*r**3 + 3*r**2/2 + 8*r + 1003. Determine p(y).
-10
Let l = 22 + -16. Let u(m) be the second derivative of -m**4/12 + 4*m**3/3 - 4*m**2 - 7*m - 34. Give u(l).
4
Suppose 7 = 3*x + 1. Suppose -2*k + 8 = -x. Let b(i) = 4 + k*i - 11 + 6. Calculate b(1).
4
Let r(t) = -6*t - 234. Let f be r(-39). Let d(w) be the second derivative of -w**5/20 + w**4/12 + w**3/6 + w**2 - 2*w. Determine d(f).
2
Let k(p) = -5*p - 2. Let i(l) = -l**3 + 6*l**2 - 7*l + 8. Let m(s) = s**3 + 13*s**2 + 12*s + 5. Let d be m(-12). Let r be i(d). Give k(r).
8
Let a(j) = 4*j**2 - 5*j + 210. Let x(q) = -q**2 - 41. Let d(k) = -a(k) - 5*x(k). Let t = -10 + 5. Calculate d(t).
-5
Let j(w) = 11*w + 6. Let y(z) = -10*z - 8. Let x(n) = 3*j(n) + 2*y(n). Calculate x(-4).
-50
Let y(s) = -s**2 + 4*s - 2. Let h(o) = -o + 1. Let t(x) = 3*h(x) + y(x). Let v(b) = 3*b**2 - 7*b - 8. Let n(z) = 2*t(z) + v(z). Let w = -214 + 219. Give n(w).
-6
Let d(t) = t**2 - 5*t + 1. Suppose 36*k - 313 = -61. Give d(k).
15
Let d be -18 + 18 + 1*6. Suppose b + 6*f - d = 3*f, 4*b = 5*f + 7. Let z(g) = -g**2 + 3*g - 3. Calculate z(b).
-3
Let o(w) = 2*w**2 + 3*w + 2. Let l = -2 - -2. Let y = l + -2. Let m be o(y). Let j(g) = -2*g + 2. Calculate j(m).
-6
Let h = -35 - -39. Let n be ((-60)/48)/(1/h). Let t(c) = c**2 + 10*c - 6. Give t(n).
-31
Let l(a) = -a**2 - 35*a + 34. Let o be l(-36). Let u(d) = d**2 + 6*d + 3. Calculate u(o).
-5
Let o(r) = -5*r**2 - 8*r - 1. Let v(g) = 7*g**2 + 6*g. Let f(y) = 3*o(y) + 2*v(y). Calculate f(-11).
8
Let v = -1715 + 1703. Let c(q) = q + 15. Give c(v).
3
Suppose 1 + 5 = -3*u. Let k = -2 + u. Let n(v) = -11*v + 27*v + 9 - 15*v - 7 - 1. Give n(k).
-3
Let c(w) = -7*w + 24 + 17*w - 1 - 3*w - 8*w. What is c(7)?
16
Let i = 1 + 2. Let g(z) = -i*z + z + z. Let t be g(-1). Let w(l) = l. Determine w(t).
1
Let l(p) = -p**3 + 4*p**2 + 6*p + 3. Let j(u) = -2*u**3 + 9*u**2 + 13*u + 5. Let r(c) = -2*j(c) + 5*l(c). Let k = 6 + -2. Give r(k).
-11
Let s(i) = i**3 + i**2 - i + 1. Let q(m) = -5*m**3 + m**2 + 8*m + 3. Let a(u) = q(u) + 4*s(u). Suppose 26 = 5*z - 14. Let t be (-30)/4*z/(-10). Calculate a(t).
-5
Let v(s) = 10*s - 110*s**2 + 109*s**2 + 5 - 4. Let d(b) = b**2 - 11*b. Let y(q) = 6*d(q) + 7*v(q). Determine y(6).
-5
Let r(h) = h**3 - 8*h**2 - 9*h - 4. Let i be r(9). Let w(y) be the first derivative of -y**4/4 - 4*y**3/3 - 2*y + 29. Determine w(i).
-2
Let t(k) be the third derivative of -k**6/120 + 4*k**5/15 - 13*k**4/24 - 7*k**3/2 - 7*k**2 + 4*k. Give t(15).
9
Let p(u) = -u**3 - 6*u**2 - 6*u - 7. Let k(h) = h - 1. Let a be k(1). Suppose -3*l + 4*l = a. Suppose -5*x - 25 = -l. Determine p(x).
-2
Let h(z) = 14*z - 2. Suppose -77 = -10*b - 87. What is h(b)?
-16
Let h(x) = -26 + 8 + 10*x + 2*x**2 + 11 - 3*x**2. Let d(a) = -a**2 - 3*a + 49. Let b be d(5). What is h(b)?
2
Let t(l) = l + 1. Let u(p) = p**2 - 8*p - 4. Let o(q) = t(q) + u(q). Calculate o(-5).
57
Suppose 0*v - 4*v - 8 = 0, -2*w - v + 26 = 0. Suppose z = -0*m - 3*m - 2, m + 3*z + w = 0. Let j(a) = a**3 - 3*a**3 + a + 0*a**3. Give j(m).
-1
Let j(l) = 14*l - 1. Let i(b) = 5*b. Let v(c) = -11*i(c) + 4*j(c). Let z(k) = -8*k**3 - k**2 + 1. Let d be z(-1). Determine v(d).
4
Let l be (6/15)/((-1)/5). Let d = 1 + l. Let c(t) be the third derivative of -5*t**4/8 + t**3/6 + 101*t**2. What is c(d)?
16
Suppose 11 = -2*g + 3*l, 5*l = 3*g + 9 + 8. Let i(b) = -25*b - 6. Let q(h) = 5*h + 1. Let p(t) = -2*i(t) - 11*q(t). Calculate p(g).
21
Let c(z) = 1 - 64*z - 65*z + 121*z. What is c(1)?
-7
Let s(g) = g**2 - 2*g + 3. Suppose 3*f - 4*y = -0*y + 23, y + 7 = f. Determine s(f).
18
Let i(d) = d**2 + 2*d - 11. Suppose -119 - 41 = 20*v. Determine i(v).
37
Let i(t) = -4*t**3 - t**2 - t + 2. Let h(q) = 11*q**3 + q**2 + 4*q - 7. Let p(v) = 3*h(v) + 8*i(v). Give p(4).
-5
Let w(c) = -9*c + 3*c**2 + 16*c - 10*c + 1 + 2 + c**3. Calculate w(-4).
-1
Let p(g) = -7*g**2 - 7*g - 5 - 2*g + g - g**3. Let k(q) = q**2 - 24*q + 15. Let l be k(9). Let f be ((-2)/(-16) - (-95)/l)*9. Give p(f).
7
Suppose -4*u - 16 = 4*s, 0 = -s - s - 3*u - 11. Let b(t) = -t - 2. Let w(k) = -11*k**2 + 3*k + 4. Let x(v) = 2*b(v) + w(v). Give x(s).
-12
Let d(h) be the first derivative of h**2 + 0*h + 1/24*h**4 + 1 - 1/3*h**3. Let z(g) be the second derivative of d(g). What is z(0)?
-2
Let p(j) = -3*j - 10. Let x be p(-4). Let i(o) = o + o**x - o - 5 + o + 3*o. Calculate i(-5).
0
Let j(q) = -3*q**2 - q + 3. Let u(i) = -7*i**2 - 2*i + 6. Let v(d) = 9*j(d) - 4*u(d). Let b be v(2). Let n(y) = y**3 - 4*y**2 - 5*y - 1. Calculate n(b).
-1
Let n(t) = -t**3 + 5*t**2 - 5*t + 1. Suppose 5*b + 2 - 9 = 2*a, -2*b + 14 = 2*a. Give n(a).
-3
Let y be 2/3 + (-10)/(-3). Let s(f) be the third derivative of 0 - 1/24*f**4 + 0*f - 2/3*f**3 + 32*f**2. Calculate s(y).
-8
Let q = 24 + -18. Suppose -2*i + 19 = 5*k - 0*i, 3*k - q = -3*i. Let h(l) = l**2 - 3*l - 7. Determine h(k).
3
Let p(g) be the third derivative of -g**8/6720 + g**7/840 + g**6/720 + g**5/60 + 5*g**4/12 - 15*g**2. Let z(o) be the second derivative of p(o). Calculate z(4).
-10
Let j(l) = l**2 + 8*l + 5. Let v be j(-8). Let n(y) be the second derivative of -1/6*y**3 + 0 - v*y + 0*y**2. Give n(-2).
2
Let l = -4880 + 4873. Let z(s) be the second derivative of -s**5/20 - s**4/2 + 5*s**3/3 + 9*s**2/2 + s. Give z(l).
-12
Suppose 11*a = 2*u + 10*a - 8, -3*u = -3*a - 15. Let w(l) = -2*l**3 + 3*l**2 - 3*l + 2. Determine w(u).
-34
Let m(z) = -5*z**2 + 3*z - 3. Let i(j) = -23*j**2 + 13*j - 13. Let k(l) = 2*i(l) - 9*m(l). Calculate k(2).
-5
Let b = -1707 - -1717. Let x(i) = i + 9. Let v(g) = 5*g + 37. Let o(l) = 2*v(l) - 9*x(l). Give o(b).
3
Suppose 0 = 14*t + 2*t + 32. Let x(f) be the second derivative of f**6/180 + f**3/2 - 5*f. Let j(p) be the second derivative of x(p). Determine j(t).
8
Let l(z) be the first derivative of -1 + 1/3*z**3 - 4*z**2 + 7*z. Give l(5).
-8
Suppose -12*s = -9*s - 12. Suppose -11 = -3*x + s. Let t(u) = -10*u. Let b(i) = i. Let o(h) = 8*b(h) + t(h). Determine o(x).
-10
Let k(x) = 4*x**2 - 21*x - 44. Let i(h) = -h**2 + 4*h + 11. Let p(w) = -9*i(w) - 2*k(w). Give p(-6).
-11
Let q(h) be the third derivative of h**5/60 + 5*h**4/8 + 11*h**3/3 + 317*h**2. Calculate q(-13).
-4
Let x be 6/2 + 2 + -1. Let k(i) = 9*i**2 - 10*i - 25. Let m(w) = 5*w**2 - 6*w - 14. Let a(s) = 6*k(s) - 11*m(s). Determine a(x).
12
Let v(b) = b + 20. Let u be (-7 + 1)*(90 - 88). Calcu